 Calculate k(14).
-31
Let r(j) = -243*j**2 + 5*j + 79. Give r(0).
79
Let t(v) = 6*v**2 + 21*v - 97. What is t(-3)?
-106
Let d(h) = 778*h - 213859. Calculate d(275).
91
Let i(y) = -258*y**2 + 8661*y - 68110. Give i(21).
-7
Let k(u) = -2*u**3 + 90*u**2 + 8968*u - 393026. Determine k(43).
-6
Let l(r) = 2*r**2 + 1534*r - 52714. Determine l(-800).
86
Let n(i) = -5864*i - 3899397. Give n(-665).
163
Let o(f) = -221*f**2 - 148960*f - 4061. Calculate o(-674).
-17
Let v(y) = 4*y**2 + 642*y + 2030. Calculate v(-155).
-1380
Let y(r) = 4*r - 263. What is y(27)?
-155
Let f(s) = -79*s**2 - 769*s + 2. Give f(-6).
1772
Let i(h) = -h**3 + 28*h**2 - 87*h + 3392. What is i(29)?
28
Let b(v) = -104605*v + 33682811. Calculate b(322).
1
Let r(h) = 5*h**3 + 750*h**2 - 690*h - 103504. Give r(-150).
-4
Let g(d) = -213*d**2 + 5101*d + 55. Calculate g(24).
-209
Let s(w) = 962*w**2 + 10687*w - 4. Calculate s(-11).
-1159
Let n(v) = -27*v**3 - 308*v**2 - 28*v + 106. Give n(-11).
-917
Let n(i) = -i**2 - 159*i - 5129. What is n(-112)?
135
Let c(m) = -40*m**2 - 708*m + 2. What is c(-17)?
478
Let z(h) = -h**2 + 266*h - 1299. Calculate z(5).
6
Let w(j) = -17*j**2 - 10452*j - 8594. Give w(-614).
2
Let r(k) = -5*k**2 - 896*k + 12665. Calculate r(-192).
377
Let q(n) = 9*n**3 - 85*n**2 + 174*n + 56. What is q(6)?
-16
Let b(t) = -19*t**3 - 570*t**2 + 2579*t - 150. What is b(-34)?
20
Let y(q) = -2*q**2 - 362*q - 5643. Determine y(-15).
-663
Let h(b) = -149880*b + 1948458. Calculate h(13).
18
Let s(j) = 26*j**3 - 18*j**2 - 43*j - 18. Give s(-3).
-753
Let j(g) = -4*g**2 - 93856*g - 469186. What is j(-5)?
-6
Let n(t) = -2*t**3 - 427*t**2 + 209*t + 707. Give n(-214).
1777
Let z(f) = -220*f**2 + 408*f - 408. What is z(1)?
-220
Let a(l) = -l**2 - 17591*l + 70385. Give a(4).
5
Let t(g) = -198*g + 46791. Determine t(236).
63
Let c(v) = -80155*v - 1042022. Determine c(-13).
-7
Let h(t) = 93*t**3 - 689*t**2 + 779*t + 8. Determine h(6).
-34
Let b(i) = 235*i**2 + 51690*i - 2162. Give b(-220).
38
Let m(f) = 153*f + 42512. Give m(-278).
-22
Let z(n) = 455*n - 96885. Determine z(213).
30
Let z(m) = -7*m**2 + 194417*m + 5643979. Determine z(-29).
-1
Let o(h) = 17*h**3 + 3*h**2 + 17*h + 9. Determine o(-4).
-1099
Let r(k) = -126*k - 3901. What is r(-30)?
-121
Let k(j) = -j**2 + 1899*j - 19083. Give k(10).
-193
Let n(k) = 73*k**2 - 23717*k - 2593. Calculate n(325).
7
Let a(r) = 7*r**3 - 9*r**2 - 37*r + 212. What is a(4)?
368
Let p(r) = 42784*r + 18482696. Determine p(-432).
8
Let v(t) = 258*t + 22851. Calculate v(-95).
-1659
Let n(t) = t**2 + 1168*t - 17835. Calculate n(15).
-90
Let a(s) = -803*s - 5396. Determine a(-6).
-578
Let u(q) = -18*q**2 + 613*q + 1133. Calculate u(36).
-127
Let j(m) = -392*m - 36859. Determine j(-94).
-11
Let u(g) = -7508*g - 555591. Give u(-74).
1
Let u(r) = -2*r**3 + 27*r**2 - 1211*r + 14088. What is u(12)?
-12
Let v(n) = -2*n**3 + 11*n**2 + 99*n - 865. Give v(8).
-393
Let y(k) = 3*k**2 + 40063*k - 561471. Calculate y(14).
-1
Let j(a) = -19*a**3 - 10605*a**2 - 43762*a + 2212. Calculate j(-554).
-4
Let r(x) = -182*x + 6504. What is r(29)?
1226
Let w(u) = -u**3 + 19*u**2 - 482*u + 10040. Calculate w(20).
0
Let y(x) = -11471*x - 28298954. What is y(-2467)?
3
Let i(q) = 6141*q - 36738. What is i(6)?
108
Let k(r) = -r**2 - 773*r - 112729. Determine k(-195).
-19
Let d(j) = -507315*j + 11160936. What is d(22)?
6
Let o(c) = -37951*c - 3301733. Give o(-87).
4
Let j(u) = -88*u**2 + 29777*u - 70218. What is j(336)?
6
Let y(c) = -6*c**3 + 7*c**2 + 14*c + 123. Give y(-6).
1587
Let m(w) = -238*w**2 + 268*w + 43704. Calculate m(-13).
-2
Let d(f) = 107286*f + 214549. What is d(-2)?
-23
Let i(q) = 13*q**2 + 4196*q + 75021. Give i(-19).
-10
Let r(b) = -b**3 + 149*b**2 - 432*b - 30. Give r(146).
846
Let d(u) = u**2 + 2125*u - 12769. Give d(6).
17
Let f(u) = 4527*u - 253528. What is f(56)?
-16
Let p(l) = 45*l**2 + 1105*l - 2406. Give p(2).
-16
Let r(v) = -v**3 + 115*v**2 - 172*v + 19681. Calculate r(115).
-99
Let v(x) = -877*x - 137688. Calculate v(-157).
1
Let w(x) = 50085*x - 50034. Calculate w(1).
51
Let x(d) = -718*d + 7424. What is x(10)?
244
Let a(s) = 58*s - 1608. What is a(34)?
364
Let r(s) = -3*s**3 + 9*s**2 - 22*s + 128. Give r(6).
-328
Let w(k) = -k**2 + 8147*k + 48927. Calculate w(-6).
9
Let g(j) = j**2 + 8218*j - 2. Give g(0).
-2
Let n(j) = 2*j**3 - 14*j**2 - 158*j - 408. Give n(-3).
-114
Let u(s) = 152*s**2 - 7848*s - 2901. Give u(52).
11
Let r(t) = 54516*t + 1035803. Determine r(-19).
-1
Let s(l) = 1214*l**2 - 311998*l - 43. What is s(257)?
-43
Let w(z) = 161*z - 265. Calculate w(2).
57
Let r(z) = -2400*z + 348102. Give r(145).
102
Let s(f) = 58884*f + 58896. Determine s(-1).
12
Let g(v) = -v**3 - 3770*v**2 + 37907*v - 1065. What is g(10)?
5
Let k(x) = -6*x**3 + 26*x**2 - 31*x + 72. What is k(7)?
-929
Let h(a) = -5416*a + 75818. Determine h(14).
-6
Let m(d) = 15*d**2 + 1322*d + 15736. What is m(-74)?
48
Let k(z) = -z**3 - 38*z**2 + 31*z + 290. What is k(-38)?
-888
Let d(n) = -4*n**3 + 364*n**2 - 9*n - 9. Calculate d(0).
-9
Let z(m) = -7*m**2 - 78*m + 20255. Determine z(-59).
490
Let y(i) = -5*i**2 + 439*i - 4321. What is y(78)?
-499
Let l(t) = 10*t**2 - 519*t + 1863. Give l(48).
-9
Let b(j) = -j**2 + 1663*j + 10034. Determine b(-6).
20
Let u(c) = c**3 - 1205*c**2 - 26996*c - 61. Give u(-22).
-17
Let x(s) = s**3 - 24*s**2 + 143*s + 19. Calculate x(12).
7
Let r(q) = 42361*q + 296367. Give r(-7).
-160
Let v(n) = -3*n**3 - 254*n**2 - 3738*n - 5. What is v(-66)?
2767
Let x(l) = -l**3 - 96*l**2 - 980*l + 348. What is x(-12)?
12
Let l(d) = -18*d**3 + 891*d**2 - 450*d + 347. What is l(49)?
-94
Let i(o) = 713*o**3 + 4301*o**2 + 140*o + 7. Calculate i(-6).
-5
Let g(u) = -1225*u - 6410. Determine g(-5).
-285
Let u(h) = 3*h**2 + 66*h - 4206. Calculate u(29).
231
Let k(b) = 16*b**2 - 1093*b - 17436. Calculate k(-14).
1002
Let k(d) = 1280*d - 101098. Determine k(79).
22
Let a(j) = j**2 - 412*j + 24396. Determine a(72).
-84
Let x(s) = 5129890*s + 30779347. Calculate x(-6).
7
Let l(s) = -12*s**3 + 624*s**2 + 7*s + 72. Give l(52).
436
Let t(h) = -5*h**3 + 252*h**2 + 1371*h + 39. Calculate t(-5).
109
Let b(d) = -1645*d - 1179440. Determine b(-717).
25
Let q(b) = 7019*b - 63162. What is q(9)?
9
Let c(u) = -u**3 - 30*u**2 + 228*u - 1141. Give c(-37).
6
Let w(s) = -4941*s - 187757. What is w(-38)?
1
Let z(y) = 15*y**2 + 2679*y - 1082. Determine z(-179).
-8
Let s(r) = -7*r**3 - 15*r**2 + 820*r + 1648. Calculate s(-2).
4
Let h(u) = 11038*u - 6722148. Calculate h(609).
-6
Let j(y) = -y**2 - 1377*y - 186204. Calculate j(-152).
-4
Let r(l) = -l**2 - 7*l + 1994. Give r(32).
746
Let i(q) = -3*q**3 - 90*q**2 - 483*q - 14470. Determine i(-30).
20
Let y(d) = d**3 - 199*d**2 - 602*d + 174. What is y(202)?
982
Let u(g) = -4*g**3 + 138*g**2 - 65*g - 6. Give u(34).
96
Let c(o) = 10*o**2 + 65240*o + 65241. Give c(-1).
11
Let k(l) = -2*l**2 + 885*l - 41152. Give k(53).
135
Let j(m) = 19307*m + 173379. Determine j(-9).
-384
Let u(j) = 5*j**3 - 2*j**2 + 29*j - 127. What is u(3)?
77
Let i(z) = -673*z + 59886. What is i(89)?
-11
Let r(l) = l**3 + 107*l**2 - 192*l - 4287. Determine r(-108).
4785
Let h(q) = -109*q**2 + 30020*q + 17659. Determine h(276).
-5
Let u(g) = -128*g**2 + 13341*g - 13342. What is u(1)?
-129
Let p(u) = 66*u**3 - 5*u**2 - 66*u - 196. Determine p(-3).
-1825
Let r(x) = -x**3 + 27*x**2 - 6*x - 28. Calculate r(9).
1376
Let o(t) = -15*t + 2411. Give o(76).
1271
Let h(l) = 17*l**2 + 11069*l + 1283. Determine h(-651).
-19
Let x(q) = -q**3 - 18*q**2 - 89*q - 56. Determine x(-9).
16
Let l(y) = -5*y**3 - 13*y**2 + 35*y + 83. What is l(3)?
-64
Let p(x) = -x**3 - 212*x**2 + 24503*x + 5309. Determine p(-295).
-1
Let z(f) = f**3 - 133*f**2 + 865*f + 2463. What is z(126)?
321
Let h(c) = -c**2 + 102*c + 2014. Give h(-17).
-9
Let c(k) = -37*k**2 - 5*k + 8. Determine c(-2).
-130
Let t(a) = a**3 - 63*a**2 + 311*a - 87. Determine t(58).
1131
Let r(b) = -4*b**2 + 27*b + 7216. What is r(-40)?
-264
Let b(q) = q**3 - 4*q**2 + 55*q - 118. Give b(3).
38
Let n(q) = q**3 + 24*q**2 - 2835*q - 68075. What is n(-24)?
-35
Let h(l) = -2*l**3 - 23*l**2 + 179*l + 2008. What is h(-12)?
4
Let d(m) = 606*m**3 + 54*m**2 - 50*m - 3. What is d(1)?
607
Let p(c) = -c**3 - 220*c**2 - 10073*c + 6. Calculate p(-65).
-124
Let s(i) = i**3 + 100